{"id":3025,"date":"2024-03-06T11:16:55","date_gmt":"2024-03-06T11:16:55","guid":{"rendered":"https:\/\/girasonhos.org.br\/site\/doe-aqui-copy\/"},"modified":"2026-03-25T17:13:15","modified_gmt":"2026-03-25T17:13:15","slug":"notafiscalpaulista","status":"publish","type":"page","link":"https:\/\/girasonhos.org.br\/site\/notafiscalpaulista\/","title":{"rendered":"Nota Fiscal Paulista"},"content":{"rendered":"<p class=\"mb-4\" style=\"margin-top: 0cm; text-align: justify; background: white;\"><span style=\"color: #333333;\"><strong>Contribua<\/strong> com o seu cupom fiscal. Aquela notinha de supermercado, papelaria, a\u00e7ougue e outros estabelecimentos, tamb\u00e9m \u00e9 uma forma de nos apoiar. Basta n\u00e3o informar o seu CPF na hora da compra e <strong>deposit\u00e1-la em uma de nossas urnas<\/strong> em alguns pontos de coletas que o resto \u00e9 com a gente. <\/span><\/p>\n<p class=\"mb-4\" style=\"margin-top: 0cm; text-align: justify; background: white;\"><span style=\"color: #333333;\">A doa\u00e7\u00e3o n\u00e3o tem custo algum, por\u00e9m ajuda no trabalho realizado pelo Centro de Conviv\u00eancia Girasonhos. <strong>Voc\u00ea colabora sem colocar a m\u00e3o no bolso!<\/strong><\/span><\/p>\n<h1><\/h1>\n<p><span style=\"color: #333333;\"><strong>Qual o beneficio para a Organiza\u00e7\u00e3o?<\/strong><\/span><\/p>\n<ul>\n<li><span style=\"color: #333333;\">Receber os cupons fiscais sem a identifica\u00e7\u00e3o do consumidor (CPF) e cadastr\u00e1-las no sistema da Nota Fiscal Paulista para ganhar cr\u00e9ditos no Programa da Nota Fiscal Paulista.<\/span><\/li>\n<li><span style=\"color: #333333;\">Participar dos Sorteios realizados mensalmente pela Secretaria da Fazenda.<\/span><\/li>\n<li><span style=\"color: #333333;\">Receber a doa\u00e7\u00e3o por meio do sistema da Nota Fiscal Paulista, cadastrados por consumidores (Com CPF) indicando o Centro de Conviv\u00eancia Girasonhos.<\/span><\/li>\n<\/ul>\n<ul>\n<li style=\"list-style-type: none;\"><\/li>\n<\/ul>\n<h4><strong>Para maiores informa\u00e7\u00f5es: (14) 3841-2823 ou WhatsApp: (14) 99165-6120<\/strong><\/h4>\n<p>&nbsp;<\/p>\n<h2 style=\"margin-top: 0cm; text-align: center; background: white;\" align=\"center\"><b><span style=\"font-size: 18.0pt; line-height: 107%; font-family: 'Montserrat-Light','serif'; color: #006faf; text-transform: uppercase;\">SEU CUPOM FISCAL VALE MUITO PARA N\u00d3S.<\/span><\/b><\/h2>\n<p>&nbsp;<\/p>\n","protected":false},"excerpt":{"rendered":"<p>Contribua com o seu cupom fiscal. Aquela notinha de supermercado, papelaria, a\u00e7ougue e outros estabelecimentos, tamb\u00e9m \u00e9 uma forma de nos apoiar. Basta n\u00e3o informar o seu CPF na hora da compra e deposit\u00e1-la em uma de nossas urnas em alguns pontos de coletas que o resto \u00e9 com a gente. A doa\u00e7\u00e3o n\u00e3o tem [&hellip;]<\/p>\n","protected":false},"author":3,"featured_media":0,"parent":0,"menu_order":0,"comment_status":"closed","ping_status":"closed","template":"","meta":[],"_links":{"self":[{"href":"https:\/\/girasonhos.org.br\/site\/wp-json\/wp\/v2\/pages\/3025"}],"collection":[{"href":"https:\/\/girasonhos.org.br\/site\/wp-json\/wp\/v2\/pages"}],"about":[{"href":"https:\/\/girasonhos.org.br\/site\/wp-json\/wp\/v2\/types\/page"}],"author":[{"embeddable":true,"href":"https:\/\/girasonhos.org.br\/site\/wp-json\/wp\/v2\/users\/3"}],"replies":[{"embeddable":true,"href":"https:\/\/girasonhos.org.br\/site\/wp-json\/wp\/v2\/comments?post=3025"}],"version-history":[{"count":27,"href":"https:\/\/girasonhos.org.br\/site\/wp-json\/wp\/v2\/pages\/3025\/revisions"}],"predecessor-version":[{"id":4277,"href":"https:\/\/girasonhos.org.br\/site\/wp-json\/wp\/v2\/pages\/3025\/revisions\/4277"}],"wp:attachment":[{"href":"https:\/\/girasonhos.org.br\/site\/wp-json\/wp\/v2\/media?parent=3025"}],"curies":[{"name":"wp","href":"https:\/\/api.w.org\/{rel}","templated":true}]}}