{"id":1966,"date":"2023-03-07T13:23:11","date_gmt":"2023-03-07T13:23:11","guid":{"rendered":"https:\/\/girasonhos.org.br\/site\/?page_id=1966"},"modified":"2026-01-21T18:16:56","modified_gmt":"2026-01-21T18:16:56","slug":"transferencia-bancaria","status":"publish","type":"page","link":"https:\/\/girasonhos.org.br\/site\/transferencia-bancaria\/","title":{"rendered":"Transfer\u00eancia\/Pix"},"content":{"rendered":"<div style=\"text-align: left;\">\n<p><span style=\"color: #333333;\">Toda doa\u00e7\u00e3o \u00e9 muito bem-vinda aqui no Centro de Conviv\u00eancia Girasonhos. <strong>Contribua de forma r\u00e1pida e segura!<\/strong><\/span><br \/>\n<span style=\"color: #333333;\">Confira abaixo as formas de doar por transfer\u00eancia banc\u00e1ria ou por Pix e <strong>contribua<\/strong> para a continuidade de nossas a\u00e7\u00f5es com as 100 crian\u00e7as e adolescentes que atendemos diariamente.<strong> Seja Solid\u00e1rio!<\/strong><\/span><\/p>\n<h1><\/h1>\n<h4><span style=\"font-size: 22px;\">&#x1f499; <\/span><span style=\"color: #333333;\"><strong style=\"font-size: 22px;\">Para Transfer\u00eancia Banc\u00e1ria:<\/strong><\/span><\/h4>\n<p><span style=\"color: #333333;\">Acessar seu aplicativo do banco, selecione a op\u00e7\u00e3o \u201cTransfer\u00eancia Banc\u00e1ria\u201d e preencha os dados do Centro Social S\u00e3o Manuel e pronto, \u00e9 s\u00f3 confirmar a opera\u00e7\u00e3o!<\/span><\/p>\n<h2><\/h2>\n<p><span style=\"color: #333333;\"><strong>Banco do Brasil \u2013 001<\/strong><\/span><\/p>\n<\/div>\n<p><span style=\"color: #333333;\">Ag\u00eancia: 0302-6<\/span><br \/>\n<span style=\"color: #333333;\">Conta Corrente: 3645-5<\/span><br \/>\n<span style=\"color: #333333;\">Centro Social S\u00e3o Manuel \u2013 CNPJ: 60.332.285\/0001-90<\/span><\/p>\n<p>&nbsp;<\/p>\n<h3>&#x1f499;<span style=\"color: #333333;\"><strong> Chave PIX<\/strong><\/span><\/h3>\n<p><span style=\"color: #333333;\">Fa\u00e7a a sua doa\u00e7\u00e3o pela nossa chave PIX que \u00e9 o <strong>CNPJ: 60.332.285\/0001-90<\/strong><\/span><\/p>\n<h4><\/h4>\n<p>&nbsp;<\/p>\n<h4><strong>Para maiores informa\u00e7\u00f5es: (14) 3841-2823 ou WhatsApp: (14) 99165-6120<\/strong><\/h4>\n<h4 class=\"_04xlpA direction-ltr align-center para-style-body\" style=\"text-align: center;\"><\/h4>\n<p>&nbsp;<\/p>\n<p>&nbsp;<\/p>\n","protected":false},"excerpt":{"rendered":"<p>Toda doa\u00e7\u00e3o \u00e9 muito bem-vinda aqui no Centro de Conviv\u00eancia Girasonhos. Contribua de forma r\u00e1pida e segura! Confira abaixo as formas de doar por transfer\u00eancia banc\u00e1ria ou por Pix e contribua para a continuidade de nossas a\u00e7\u00f5es com as 100 crian\u00e7as e adolescentes que atendemos diariamente. Seja Solid\u00e1rio! &#x1f499; Para Transfer\u00eancia Banc\u00e1ria: Acessar seu aplicativo [&hellip;]<\/p>\n","protected":false},"author":3,"featured_media":0,"parent":0,"menu_order":0,"comment_status":"closed","ping_status":"closed","template":"","meta":[],"_links":{"self":[{"href":"https:\/\/girasonhos.org.br\/site\/wp-json\/wp\/v2\/pages\/1966"}],"collection":[{"href":"https:\/\/girasonhos.org.br\/site\/wp-json\/wp\/v2\/pages"}],"about":[{"href":"https:\/\/girasonhos.org.br\/site\/wp-json\/wp\/v2\/types\/page"}],"author":[{"embeddable":true,"href":"https:\/\/girasonhos.org.br\/site\/wp-json\/wp\/v2\/users\/3"}],"replies":[{"embeddable":true,"href":"https:\/\/girasonhos.org.br\/site\/wp-json\/wp\/v2\/comments?post=1966"}],"version-history":[{"count":77,"href":"https:\/\/girasonhos.org.br\/site\/wp-json\/wp\/v2\/pages\/1966\/revisions"}],"predecessor-version":[{"id":4136,"href":"https:\/\/girasonhos.org.br\/site\/wp-json\/wp\/v2\/pages\/1966\/revisions\/4136"}],"wp:attachment":[{"href":"https:\/\/girasonhos.org.br\/site\/wp-json\/wp\/v2\/media?parent=1966"}],"curies":[{"name":"wp","href":"https:\/\/api.w.org\/{rel}","templated":true}]}}